 5*h**3 - 29*h**2 - 2*h + 8. Determine f(5).
-102
Let a(q) = 3*q**2 + 16*q + 14. Calculate a(-5).
9
Let w(z) = -10*z**2 + 42*z - 12. Give w(2).
32
Let r(l) = -l**3 + 41*l**2 + 96*l - 2268. What is r(42)?
0
Let b(j) = -8*j**2 + 732*j - 1454. Calculate b(2).
-22
Let a(r) = 14*r - 44. Determine a(1).
-30
Let r(c) = c**3 - 52*c**2 + 48*c - 14. What is r(51)?
-167
Let r(o) = 8*o + 388. Determine r(-50).
-12
Let b(d) = -d**3 + 16*d**2 - 69*d - 3. Give b(7).
-45
Let j(g) = g**3 + 140*g**2 - 3562*g + 346. Determine j(-162).
22
Let l(b) = -11*b**2 + 13*b - 5. Give l(4).
-129
Let m(p) = -p**2 - 179*p + 732. Calculate m(4).
0
Let d(v) = v**2 - 1263*v - 3805. Give d(-3).
-7
Let j(u) = -14*u**2 - 8*u + 11. Give j(3).
-139
Let c(m) = -19*m**2 + 1015*m - 140. Give c(53).
284
Let c(v) = -v**2 + 3253*v - 19501. What is c(6)?
-19
Let b(t) = 499*t + 746. Determine b(-2).
-252
Let d(r) = -111*r + 28656. Determine d(258).
18
Let q(k) = 153*k - 1533. Give q(10).
-3
Let d(s) = s**2 - 40*s - 152. Give d(44).
24
Let b(q) = -q**3 - 29*q**2 + 1767*q - 146. Determine b(-59).
31
Let m(t) = -t**3 + 140*t**2 + 3382*t - 159. What is m(161)?
2
Let b(t) = 13*t - 66. What is b(-22)?
-352
Let f(j) = j**3 - 3*j**2 - 104*j + 13. What is f(11)?
-163
Let v(j) = -223*j - 27881. What is v(-125)?
-6
Let p(k) = -10*k**2 + 24*k + 5. What is p(3)?
-13
Let z(f) = f**3 + 70*f**2 + 597*f - 36. What is z(-10)?
-6
Let t(j) = j**2 + 66*j + 1078. Give t(-33).
-11
Let j(w) = -37*w - 173. What is j(-6)?
49
Let z(p) = -3*p**2 - 33*p - 345. What is z(-12)?
-381
Let z(u) = 34*u - 300. Determine z(9).
6
Let j(b) = b**3 + 26*b**2 + 15*b - 170. Determine j(-25).
80
Let n(w) = w**3 - w**2 - 18*w + 34. Determine n(-4).
26
Let f(b) = 7*b**2 - 34*b - 45. Give f(6).
3
Let t(k) = k**3 + 25*k**2 - 148*k + 1181. Determine t(-31).
3
Let p(l) = -6*l**2 + 24*l + 109. Calculate p(7).
-17
Let i(f) = f + 143. Calculate i(16).
159
Let v(k) = 8*k**3 - 17*k**2 - 42*k + 92. Give v(3).
29
Let j(g) = -5*g**3 - 41*g**2 - 35*g + 222. Determine j(-5).
-3
Let k(s) = -34*s**2 - 28*s - 47. Determine k(-2).
-127
Let i(m) = -158*m**2 + 1109*m - 16. What is i(7)?
5
Let n(l) = -10*l**2 - 21*l - 76. Determine n(-5).
-221
Let p(c) = -137*c**3 + 5*c**2 - 2*c - 1. Give p(-1).
143
Let y(o) = 2*o**3 + 161*o**2 + 78*o - 156. Give y(-80).
4
Let h(y) = y**2 + 82*y + 315. Calculate h(-78).
3
Let f(c) = c**3 + 47*c**2 + 122*c + 1438. What is f(-45)?
-2
Let b(n) = 519*n + 3223. Give b(-6).
109
Let n(w) = 4*w**2 - 132*w + 17. Give n(0).
17
Let j(q) = -q**3 + 41*q**2 + 70*q + 721. Determine j(43).
33
Let c(k) = 16*k**3 - 2*k + 4. Calculate c(1).
18
Let m(y) = 2*y**3 - 378*y**2 + 749*y - 188. Calculate m(187).
-1
Let h(q) = 2309*q - 43861. What is h(19)?
10
Let m(l) = -33*l**2 + 8*l - 54. Give m(3).
-327
Let a(c) = 20*c**2 - 10*c + 26. Determine a(2).
86
Let y(p) = 745*p - 4486. Calculate y(6).
-16
Let x(w) = 329*w + 16079. Calculate x(-49).
-42
Let m(v) = v**3 + 6*v**2 - 1354*v - 6793. Give m(-5).
2
Let z(y) = -2*y**3 + 74*y**2 - 5*y + 181. Calculate z(37).
-4
Let x(j) = -j**2 + 39*j - 218. What is x(6)?
-20
Let l(g) = -g**2 - 9*g + 5542. Determine l(70).
12
Let v(p) = p**2 - 46*p - 14141. Determine v(-98).
-29
Let b(t) = 29*t**2 + 60*t - 109. Calculate b(-3).
-28
Let r(j) = 30*j**2 + 92*j + 58. Give r(-2).
-6
Let t(h) = h**3 - 40*h**2 + 145*h - 1246. Determine t(37).
12
Let v(t) = -289*t - 13. What is v(0)?
-13
Let v(g) = -451*g**3 + 3*g**2 - 3*g. Calculate v(1).
-451
Let f(x) = x**3 + 17*x**2 + 70*x + 16. Determine f(-12).
-104
Let m(s) = 173*s - 2778. Determine m(16).
-10
Let n(m) = -3*m**2 + 124*m - 252. What is n(39)?
21
Let b(p) = -12*p**3 - 12*p**2 + 8*p + 7. Calculate b(-3).
199
Let a(s) = -2*s**3 - 161*s**2 + 248*s + 155. Give a(-82).
-9
Let d(x) = -56*x**2 - 228*x - 8. Give d(-4).
8
Let a(r) = r**3 - 10*r**2 + 422*r - 4752. Calculate a(11).
11
Let f(g) = -g**3 + 5*g**2 + 21*g - 18. Calculate f(6).
72
Let v(b) = -b**3 - 57*b**2 - 159*b + 155. What is v(-54)?
-7
Let a(y) = -y**3 + 18*y**2 + 91*y - 81. Give a(22).
-15
Let t(m) = -3*m + 18. Determine t(14).
-24
Let j(z) = 4*z**3 + 55*z**2 - 26*z - 138. What is j(-14)?
30
Let x(d) = d**2 + 18*d - 247. What is x(-25)?
-72
Let o(g) = 19*g - 154. Calculate o(7).
-21
Let u(o) = o**3 + 17*o**2 - 39*o + 71. What is u(-19)?
90
Let k(z) = -z**2 + 26*z + 328. What is k(35)?
13
Let u(y) = -102*y + 207. Determine u(2).
3
Let h(m) = -15*m + 241. Give h(17).
-14
Let q(n) = -131*n**2 - 15457*n + 113. Determine q(-118).
-5
Let w(h) = -2*h**3 - 60*h**2 - 64*h + 15. Give w(-29).
189
Let m(q) = 210*q - 2123. Determine m(10).
-23
Let a(j) = j**3 + 28*j**2 + 3*j + 1919. Give a(-30).
29
Let b(r) = -2*r**2 - 198*r + 1525. What is b(-106)?
41
Let h(j) = -j**3 - 22*j**2 - 154*j - 336. Give h(-8).
0
Let x(a) = 862*a + 1735. Determine x(-2).
11
Let i(r) = -3*r - 24. Determine i(-11).
9
Let y(k) = 2*k**2 + 21*k - 243. Determine y(-10).
-253
Let v(m) = -241*m - 1445. Give v(-6).
1
Let x(v) = 2*v**3 - 88*v**2 + 53*v + 1436. Calculate x(43).
17
Let h(k) = -21*k - 5. What is h(-1)?
16
Let z(r) = r**2 + 98*r - 547. Calculate z(5).
-32
Let d(y) = 203*y**2 - 11*y - 17. Determine d(-2).
817
Let y(l) = -3209*l - 25648. What is y(-8)?
24
Let g(s) = -3*s**3 + 26*s**2 - 17*s + 10. Calculate g(8).
2
Let p(k) = -k**3 - 338*k**2 - 673*k. What is p(-2)?
2
Let r(f) = f**3 - 31*f**2 - 138*f - 28. What is r(35)?
42
Let u(b) = 161*b + 604. What is u(-4)?
-40
Let a(u) = -u**2 - 181*u + 1112. Give a(6).
-10
Let j(g) = 2*g**2 - 3*g + 20. Calculate j(3).
29
Let g(q) = -45*q - 2232. Determine g(-50).
18
Let r(d) = -d**3 - 12*d**2 - 21*d + 92. Give r(-6).
2
Let q(g) = -2*g**3 - 53*g**2 - 23*g + 39. Determine q(-26).
-39
Let x(l) = -19*l**2 + 29*l + 332. Determine x(5).
2
Let s(h) = h**2 + 119*h - 2322. Give s(17).
-10
Let q(w) = -5*w**2 + 132*w - 40. Determine q(25).
135
Let f(m) = 18*m**2 - 5*m + 7. Determine f(0).
7
Let l(k) = 18*k - 84. Calculate l(-10).
-264
Let g(u) = -4*u**2 + 80*u - 297. Determine g(15).
3
Let x(n) = 25*n**2 + 23*n + 23. Determine x(-1).
25
Let w(f) = 7*f**2 - 211*f + 20. Calculate w(30).
-10
Let x(g) = -4*g**2 - 157*g - 803. Give x(-6).
-5
Let w(d) = -51*d**2 + 56*d - 110. Give w(2).
-202
Let j(h) = -75*h + 2901. What is j(39)?
-24
Let u(n) = 6*n**3 - 13*n**2 + 47*n - 83. What is u(5)?
577
Let h(q) = -q**2 - 30*q - 58. Calculate h(-13).
163
Let h(l) = -15*l + 10. What is h(-11)?
175
Let n(t) = -2*t**2 + 303*t - 10197. Give n(101).
4
Let q(r) = -r**2 + 5*r + 112. What is q(-6)?
46
Let r(i) = 16*i**2 + 33*i - 7. Give r(-3).
38
Let c(v) = -19*v - 44. Calculate c(-10).
146
Let o(s) = s**3 + 46*s**2 + 292*s - 472. Give o(-38).
-16
Let x(k) = 2*k**3 + 8*k**2 - 86*k + 28. Calculate x(-9).
-8
Let u(o) = 2*o**3 - 9*o**2 + 106*o - 248. Calculate u(3).
43
Let j(o) = -o**3 + 30*o**2 + 24*o - 747. Calculate j(30).
-27
Let j(x) = 2*x**3 - 49*x**2 + 25*x - 40. Calculate j(24).
-16
Let u(r) = -1105*r + 20967. What is u(19)?
-28
Let w(y) = 145*y**3 + 10*y**2 + 69*y + 61. Calculate w(-1).
-143
Let a(s) = 38*s**2 + 2546*s + 13. Determine a(-67).
13
Let c(u) = -11*u**2 + 1947*u + 93. Calculate c(177).
93
Let o(m) = 21*m + 15. Calculate o(0).
15
Let i(b) = -2*b**3 + 26*b**2 - 24*b - 217. Give i(11).
3
Let z(h) = h**2 + 10*h - 915. Determine z(26).
21
Let m(z) = z**3 - 42*z**2 + 52*z - 38. Determine m(41).
413
Let z(i) = -i**3 + 10*i**2 + 16*i - 15. Give z(11).
40
Let z(i) = 6*i - 155. Give z(27).
7
Let h(l) = -9*l**2 - 86*l + 24. What is h(-8)?
136
Let t(r) = -21*r**2 - 4*r. Calculate t(-4).
-320
Let a(w) = -w**2 - 4*w + 351. Calculate a(17).
-6
Let n(x) = 157*x - 1881. Determine n(12).
3
Let r(w) = w**2 + 35*w - 93. Calculate r(-25).
-343
Let d(i) = -11*i**2 + 40*i - 36. Give d(6).
-192
Let j(u) = 36*u + 880. What is j(-25)?
-20
Let s(o) = 16*o**2 + 94*o + 74. What is s(-5)?
4
Let y(t) = 216*t + 1503. What is y(-7)?
-9
Let v(s) = 396*s - 3550. Determine v(9).
14
Let j(u) = u**3 + 80*u**2 - 3*u - 162. Determine j(-80).
78
Let d(s) = -7*s**2 - 134*s - 16. What is d(-19)?
3
Let z(j) = j**2 + 77*j + 491. Determine z(-7).
1
Let c(x) = 2*x**2 - 18*x + 44. What is c(5)?
4
Let v(t) = t**3 + 21*t**2 + 17*t - 101. Give v(-20).
-41
Let s(f) = -f**2 - 57*f - 266. Give s(-5).
-6
Let t(r) = 3*r**2 - 65*r - 435. What is t(27)?
-3
Let d(p) = -4*p**2